s of 2203671?
3, 734557
What are the prime factors of 9837256?
2, 11, 13, 8599
What are the prime factors of 1817409?
3, 11, 55073
What are the prime factors of 508542?
2, 3, 131, 647
List the prime factors of 204379.
7, 43, 97
List the prime factors of 263746.
2, 7, 18839
What are the prime factors of 778524?
2, 3, 64877
What are the prime factors of 846158?
2, 17, 41, 607
List the prime factors of 317953.
109, 2917
List the prime factors of 8030903.
59, 79, 1723
List the prime factors of 203169.
3, 67723
What are the prime factors of 92024?
2, 11503
List the prime factors of 6910793.
1031, 6703
What are the prime factors of 10096108?
2, 11, 269, 853
List the prime factors of 5984623.
23, 260201
What are the prime factors of 4063177?
4063177
List the prime factors of 1910643.
3, 7, 37, 2459
List the prime factors of 3148652.
2, 13, 151, 401
What are the prime factors of 1541579?
13, 118583
List the prime factors of 17090236.
2, 17, 97, 2591
List the prime factors of 2347210.
2, 5, 234721
What are the prime factors of 10036328?
2, 1254541
List the prime factors of 3593000.
2, 5, 3593
List the prime factors of 8597752.
2, 1074719
What are the prime factors of 1706356?
2, 67, 6367
What are the prime factors of 12634578?
2, 3, 11, 5801
What are the prime factors of 524388?
2, 3, 89, 491
What are the prime factors of 2767594?
2, 1383797
What are the prime factors of 32364402?
2, 3, 7, 110083
What are the prime factors of 257571?
3, 28619
List the prime factors of 49945.
5, 7, 1427
What are the prime factors of 67162?
2, 33581
List the prime factors of 1640289.
3, 7, 19, 4111
What are the prime factors of 10149106?
2, 11, 461323
List the prime factors of 8331875.
5, 13331
What are the prime factors of 54822?
2, 3, 9137
What are the prime factors of 1239408?
2, 3, 19, 151
What are the prime factors of 435601?
37, 61, 193
List the prime factors of 302729.
7, 59, 733
List the prime factors of 584295.
3, 5, 38953
What are the prime factors of 363110?
2, 5, 11, 3301
List the prime factors of 11333947.
11333947
List the prime factors of 16775790.
2, 3, 5, 461, 1213
List the prime factors of 7151807.
13, 550139
List the prime factors of 567765.
3, 5, 11, 31, 37
What are the prime factors of 20256486?
2, 3, 17, 198593
List the prime factors of 440353.
269, 1637
List the prime factors of 1469673.
3, 61, 2677
What are the prime factors of 175046?
2, 87523
List the prime factors of 2874936.
2, 3, 103, 1163
What are the prime factors of 41302249?
37, 1116277
List the prime factors of 220514.
2, 7, 19, 829
What are the prime factors of 2054963?
821, 2503
What are the prime factors of 1128044?
2, 282011
What are the prime factors of 5611341?
3, 31, 60337
What are the prime factors of 1218095?
5, 179, 1361
What are the prime factors of 31638829?
1511, 20939
What are the prime factors of 58267?
11, 5297
What are the prime factors of 4759199?
37, 293, 439
List the prime factors of 245855.
5, 49171
List the prime factors of 799359.
3, 11, 24223
List the prime factors of 176881.
79, 2239
What are the prime factors of 25891284?
2, 3, 23, 93809
List the prime factors of 4313566.
2, 47, 109, 421
List the prime factors of 3247623.
3, 23, 29, 541
What are the prime factors of 735337?
735337
List the prime factors of 578519.
23, 25153
What are the prime factors of 3969223?
53, 74891
What are the prime factors of 784084?
2, 7, 41, 683
What are the prime factors of 3697662?
2, 3, 616277
What are the prime factors of 289482?
2, 3, 48247
What are the prime factors of 2832668?
2, 43, 383
What are the prime factors of 7459435?
5, 139, 10733
List the prime factors of 617712.
2, 3, 17, 757
List the prime factors of 13058.
2, 6529
What are the prime factors of 9268489?
9268489
List the prime factors of 1935857.
7, 11, 31, 811
What are the prime factors of 541638?
2, 3, 30091
List the prime factors of 8340914.
2, 17, 245321
What are the prime factors of 179031?
3, 83, 719
What are the prime factors of 3212060?
2, 5, 160603
What are the prime factors of 14612849?
673, 21713
What are the prime factors of 2888921?
7, 31, 13313
List the prime factors of 286061.
286061
List the prime factors of 2547444.
2, 3, 19, 11173
What are the prime factors of 387165?
3, 5, 53, 487
List the prime factors of 437188.
2, 109297
What are the prime factors of 121987?
199, 613
What are the prime factors of 2439049?
19, 31, 41, 101
List the prime factors of 1385558.
2, 692779
What are the prime factors of 1395639?
3, 7, 22153
List the prime factors of 11178756.
2, 3, 89, 1163
List the prime factors of 522156.
2, 3, 53, 821
What are the prime factors of 224875?
5, 7, 257
List the prime factors of 7011534.
2, 3, 71, 109, 151
List the prime factors of 304734.
2, 3, 50789
What are the prime factors of 2304365?
5, 7, 65839
What are the prime factors of 2848567?
2848567
What are the prime factors of 444032?
2, 3469
List the prime factors of 143910.
2, 3, 5, 13, 41
List the prime factors of 99211.
7, 14173
List the prime factors of 1744227.
3, 64601
What are the prime factors of 137505?
3, 5, 89, 103
What are the prime factors of 28978873?
7, 11, 23, 16363
What are the prime factors of 14978504?
2, 1872313
List the prime factors of 1675513.
7, 107, 2237
What are the prime factors of 1691950?
2, 5, 13, 19, 137
What are the prime factors of 341201?
7, 79, 617
What are the prime factors of 588050?
2, 5, 19, 619
List the prime factors of 395151.
3, 107, 1231
What are the prime factors of 4972249?
73, 68113
List the prime factors of 3171022.
2, 41, 38671
What are the prime factors of 91237?
91237
List the prime factors of 1886591.
7, 269513
List the prime factors of 4966973.
11, 43, 10501
List the prime factors of 262770.
2, 3, 5, 19, 461
What are the prime factors of 286469?
286469
List the prime factors of 942218.
2, 23, 20483
List the prime factors of 5218152.
2, 3, 41, 5303
List the prime factors of 1058257.
1058257
List the prime factors of 16034980.
2, 5, 13, 61673
What are the prime factors of 7472136?
2, 3, 7, 79, 563
List the prime factors of 3808497.
3, 7, 11, 16487
What are the prime factors of 15956904?
2, 3, 59, 191
List the prime factors of 323177.
131, 2467
List the prime factors of 209236.
2, 17, 181
List the prime factors of 131992.
2, 7, 2357
List the prime factors of 55991.
13, 59, 73
What are the prime factors of 23059?
23059
List the prime factors of 37234.
2, 18617
What are the prime factors of 25135222?
2, 7, 83, 97, 223
What are the prime factors of 11080251?
3, 7, 13, 83, 163
What are the prime factors of 9554705?
5, 1910941
List the prime factors of 21227197.
59, 359783
List the prime factors of 1024875.
3, 5, 911
What are the prime factors of 2176573?
7, 239, 1301
List the prime factors of 409371.
3, 61, 2237
What are the prime factors of 4855691?
23, 67, 137
List the prime factors of 14594559.
3, 7, 694979
List the prime factors of 25812556.
2, 7, 11, 43, 1949
What are the prime factors of 215213?
19, 47, 241
List the prime factors of 1229207.
7, 175601
List the prime factors of 1034185.
5, 397, 521
What are the prime factors of 4878176?
2, 152443
What are the prime factors of 678302?
2, 339151
What are the prime factors of 724856?
2, 11, 8237
List the prime factors of 2432067.
3, 11, 73699
List the prime factors of 208896.
2, 3, 17
What are the prime factors of 7728316?
2, 67, 28837
What are the prime factors of 27498647?
11, 83, 30119
List the prime factors of 292657.
19, 73, 211
What are the prime factors of 650980?
2, 5, 11, 269
What are the prime factors of 50400?
2, 3, 5, 7
List the prime factors of 8678755.
5, 17, 102103
What are the prime factors of 500749?
61, 8209
What are the prime factors of 374832?
2, 3, 19, 137
What are the prime factors of 1240972?
2, 310243
What are the prime factors of 19107615?
3, 5, 47, 27103
What are the prime factors of 3182673?
3, 13, 79, 1033
What are the prime factors of 87037?
87037
List the prime factors of 3353949.
3, 372661
List the prime factors of 239031.
3, 13, 227
What are the prime factors of 437517?
3, 173, 281
List the prime factors of 88325.
5, 3533
What are the prime factors of 4233467?
7, 604781
List the prime factors of 193191.
3, 71, 907
List the prime factors of 9160705.
5, 17, 107773
What are the prime factors of 1532185?
5, 30